- ((-5552)/2)/4. Let u = o + -693. What is the remainder when 8 is divided by u?
1
Suppose -7*x - 2*f + 40 = -2*x, 4*x = -4*f + 32. Suppose -x*q = -4*q - 64. Suppose 6*u - 4*u - q = 0. What is the remainder when 55 is divided by u?
7
Suppose 25 + 9 = 2*a. Let s(y) = 134*y + 70. Let g be s(17). What is the remainder when 5/35 - g/(-28) is divided by a?
16
Suppose -3*b + 5*p - 265 = -8*b, b = 3*p + 33. Let u = -12563 + 12946. Calculate the remainder when u is divided by b.
47
Suppose 0 = -5*u + 2*i - 8, -14*u + 9*u + 4*i - 6 = 0. What is the remainder when (69 + -4)*88/10 + u is divided by 52?
50
Suppose -5029 - 1991 = -270*j. What is the remainder when 1478 is divided by j?
22
Suppose -20*s = -34*s + 1022. Calculate the remainder when 942 is divided by s.
66
Suppose 2*y = -6*s + 106, 4*y - 26*s - 212 = -23*s. What is the remainder when 148 is divided by y?
42
Let h(j) = 2*j - 10*j**2 + j**2 + 10*j**2 + 8 + 24*j**2. Calculate the remainder when h(-2) is divided by 36.
32
Suppose 522*g - 425*g - 270242 = 0. Calculate the remainder when g is divided by 9.
5
Suppose 140*u - 3749 = 117*u. What is the remainder when 474 is divided by u?
148
Suppose h - 58 = -h + 62. Calculate the remainder when h is divided by 60.
0
Let o = -2088 - -2418. What is the remainder when o is divided by 160?
10
Suppose 0 = v + v + 6, 3*v - 87 = -3*y. Suppose -5*k = 26*k + 21864 - 22050. What is the remainder when y is divided by k?
2
Let f(r) = -6*r + 89. Let i be f(14). Suppose 707 - 787 = -i*h. Calculate the remainder when 107 is divided by h.
11
Let q(m) = 8*m**2 + 138*m + 268. Calculate the remainder when 708 is divided by q(-2).
12
Let t(r) = r**3 - 6*r**2 + 9*r + 4. What is the remainder when 518 is divided by t(4)?
6
Let u(c) be the second derivative of 40*c**3/3 - c**2 + 35*c. What is the remainder when u(3) is divided by 24?
22
Suppose 4*n - 68 = -3*d + d, -5*d - n + 170 = 0. Calculate the remainder when d is divided by 10.
4
Let o = 15 + -15. Let w be (358/(-6))/1*(-3 + o). Suppose -2*v + w = g, 3*g + v = 451 + 76. What is the remainder when g is divided by 44?
43
Suppose -248 = -15*v + 802. Let l be 52/12 + 4/6. Suppose 0 = -5*m - l*u + 185, -9 = -4*m + 2*u + 133. Calculate the remainder when v is divided by m.
34
Let n(p) = 10*p - 18. Let v be n(2). Suppose y + 6 = -4*l, -v*l - 19 = -5*y + 17. What is the remainder when 11 - 1 - (3 + -4) is divided by y?
5
Let f(m) = -10*m**2 - 31*m + 130. What is the remainder when f(0) is divided by 127?
3
Let t be 0/((-1)/(4/((-4)/(-1)))). Suppose -4*a - d + 154 = t, 3 + 3 = -3*d. What is the remainder when a is divided by 11?
6
Suppose -c - 129 = 4*l, 3*c - l = 2*l - 387. Let t = c + 201. What is the remainder when t is divided by 20?
12
Let p be (12 + 279)*(-1)/(-3). Let w = p - 93. Suppose 11*h - 9*h = w. Calculate the remainder when 8 is divided by h.
0
Suppose 28 + 22 = 4*r + 3*w, 0 = -2*r - 5*w + 18. Calculate the remainder when 3623 is divided by r.
11
Suppose 32*j + 4639 + 3873 = 0. Calculate the remainder when 185 is divided by (-3)/(-1)*j/(-21).
33
Suppose 17*r - 263 = 298. What is the remainder when 1 + (-9)/11 + (-33024)/(-473) is divided by r?
4
Suppose -3*s + 15 = 2*s. Suppose j - 18 = 5*b, 0*b = -2*j + s*b + 15. Let d = 10 + j. What is the remainder when 51 is divided by d?
12
Let m(v) = -6*v**2 - 113*v + 160. What is the remainder when 7155 is divided by m(-20)?
15
Let c = 298 + -295. Suppose 0 = -u + c*f + 14, -5*u + 6 = -3*u + 5*f. Calculate the remainder when 10 is divided by u.
2
Suppose y - 125 = g - 0, -3*y + 5*g + 373 = 0. Let x = y - 102. Let u(n) = -n**2 - 13*n + 36. Calculate the remainder when u(-13) is divided by x.
12
Let i be -6 + 5/1 - -4. Suppose 6 = -2*b, 6*b - i*b - 228 = -3*p. Calculate the remainder when p is divided by 23.
10
Let q = 783 - 720. What is the remainder when q is divided by (9/4 - 2)*116?
5
What is the remainder when 396/1287 - (-5534)/13 is divided by 413?
13
Suppose -274*c + 267*c = 3136. Let b = 472 + c. What is the remainder when 42 is divided by b?
18
Suppose -3*n + 6 = 5*a, 222*n - 221*n - 3*a - 16 = 0. What is the remainder when 72 is divided by n?
2
Let m = -102 - -196. Suppose -a - 2*w - 106 = -148, -a + w = -9. Calculate the remainder when m is divided by a.
14
Suppose 0 = 3*g + 80 - 95. Let v(t) = 13*t**2 - 21*t + 2. Calculate the remainder when v(g) is divided by 32.
30
Let w be 665/(-5)*-2 + 3. Suppose 2*b - w = -9. Suppose -7*q - 3*q + b = 0. Calculate the remainder when 153 is divided by q.
10
Let y(v) = v**2 - 16*v + 27. Let z be y(14). Let i = z + 4. Let n(x) = x**3 + 5*x - 4. Calculate the remainder when n(i) is divided by 10.
8
Suppose c - 4*j + 12 = -2*c, -9 = -c - 3*j. Suppose 0 = -3*u - z + 257 + 269, 2*u - 2*z - 364 = c. What is the remainder when u is divided by 20?
17
Let u = 2 - 0. Let v = -16 - -12. Calculate the remainder when 34 is divided by 14 - v*u/(-8).
8
Suppose 40*i - 7199 - 6601 = 0. What is the remainder when i is divided by 173?
172
Let j(w) = -w**2 - 118*w - 2727. Calculate the remainder when 7374 is divided by j(-32).
24
Suppose 5*w = 3*v - 1181, -4*v = 3*w - 8*w - 1563. What is the remainder when v is divided by 51?
25
Let f(u) = -2*u**2 + 67*u + 4902. Let s be 2/8 + (-3)/(-4). What is the remainder when f(-35) is divided by (1 + s + -30)/(-1)?
23
Let q = -1000 + 152. Let f = 1058 + q. What is the remainder when f is divided by 32?
18
Suppose -83 = -5*g - 28*t + 29*t, 3*t = -4*g + 93. Calculate the remainder when 805 is divided by g.
13
Let x(g) = 3*g**2 + 55*g + 436. What is the remainder when 751 is divided by x(-15)?
179
Suppose -y - 3*y = 0. Let v be y/(-2)*(2 + 15/(-6)). Suppose -3*a + v*h = -2*h - 31, 0 = 5*a - 4*h - 49. What is the remainder when 48 is divided by a?
9
Calculate the remainder when 283 is divided by (39/(-2))/1*(-2 + (-20)/(-30)).
23
Suppose 17*c + 110 + 111 = 0. Let s(m) = m**3 + 14*m**2 + 11*m + 125. What is the remainder when s(c) is divided by 18?
7
Suppose -3*f = z - 73, -4*z = -11 - 5. Suppose 0 = -19*k + 12*k + 105. Suppose -k*x = -10*x - 50. What is the remainder when f is divided by x?
3
Let p be (-4 + -19)/((-9)/18). Suppose 2*z - 183 = -5*b, -z - 23 + 107 = b. Let i = z - p. What is the remainder when i is divided by 9?
6
Let f be (-4)/6 + 6475/105. Let p = f + 48. What is the remainder when p is divided by 14?
11
Let u = -6 + 25. Let w be (4/(-6))/((-2)/18). Suppose -w*l + 196 = -134. What is the remainder when l is divided by u?
17
Let l be -47 + 22 - (-6 + 1). Let p(v) = -v - 16. Calculate the remainder when 16 is divided by p(l).
0
Let l(v) = -v**3 + 24*v**2 - 49*v + 41. Let f be l(21). Suppose 0 = -4*a + 5*s + 280, -3*a + 4*s + f = 125. Calculate the remainder when 416 is divided by a.
66
Suppose -12 = -15*y + 11*y. Suppose -10*n = 5*v - 7*n - 112, -3 = y*n. What is the remainder when 182 is divided by v?
21
Let l = 75 - -3. Suppose 4*n - l = -2*n. Suppose -n*o = -4*o - 252. What is the remainder when 80 is divided by o?
24
Let z = 491 - 495. Let f(m) be the first derivative of -m**4/4 - m**3/3 + 5*m**2/2 - 2*m - 1. What is the remainder when 102 is divided by f(z)?
24
What is the remainder when ((-56)/(14 - 0))/(4/(-563)) is divided by 178?
29
What is the remainder when 213 is divided by 37/111 + -3 + 78/9?
3
Suppose 11*g = -6*g + 1462. Suppose 9 = 2*q - 13. Calculate the remainder when g is divided by q.
9
Suppose z = -0 - 16. Let v(r) = -r**2 - 19*r + 16. Let k be v(z). Suppose 0 = 4*q - 4*t - k, t = 2*q - 5*q + 60. What is the remainder when q is divided by 7?
5
Suppose 34*w = 11*w + 690. Calculate the remainder when 81 is divided by (-9 - (4 - 8)) + w.
6
What is the remainder when 1382 is divided by 16/(-56) + (-19206)/84*-2?
11
Let d(t) = t**3 + 6*t**2 - 14*t - 89. Suppose 4*a = 20, -2*a + 45 = 2*c + a. Calculate the remainder when c is divided by d(-5).
3
Let v = 2062 + -1934. What is the remainder when 255 is divided by v?
127
Let s(v) = -5*v**2 + 55*v - 25. What is the remainder when 574 is divided by s(7)?
114
Let x = -4754 + 4911. What is the remainder when 515 is divided by x?
44
Let b(z) be the second derivative of -z**4/12 + 15*z**3/2 - 182*z**2 + 26*z - 1. What is the remainder when -2*-109*2/4 is divided by b(11)?
9
Let k(w) = -12*w**3 - 4*w**2 + 2*w + 7. Let y(p) = 12*p**3 + 3